{"id":281,"date":"2020-10-23T09:15:59","date_gmt":"2020-10-23T06:15:59","guid":{"rendered":"https:\/\/blogit.sasky.fi\/intoamis\/?page_id=281"},"modified":"2024-06-16T23:06:51","modified_gmt":"2024-06-16T20:06:51","slug":"tiimiopettajat-valmentajat","status":"publish","type":"page","link":"https:\/\/blogit.sasky.fi\/intoamis\/tiimiopettajat-valmentajat\/","title":{"rendered":"Tiimiopettajat\/Valmentajat"},"content":{"rendered":"\n<p><strong>Tiimiopettajat \/ valmentajat<\/strong><\/p>\n\n\n\n<p>MSKK:n Into Amiksen tiimiopettajat ovat valmentavia asiantuntijoita, jotka ohjaavat, tukevat ja kannustavat opiskelijan ammatillista sek\u00e4 yksil\u00f6llist\u00e4 kehittymist\u00e4. Opettajatiimi valmentaa 1.-3. vuoden opiskelijoista koostuvien monikulttuurisien tiimien NY-yritystoimintaa, treenej\u00e4 (teoriaopintoja) sek\u00e4 k\u00e4yt\u00e4nn\u00f6n ty\u00f6skentely\u00e4 niin pop up -ravintola Bistro Intolassa, oppilaitoksen Cafe Into -kahvilassa kuin ty\u00f6el\u00e4m\u00e4jaksoilla yhteisty\u00f6kumppaniyrityksiss\u00e4.<\/p>\n\n\n\n<p><\/p>\n\n\n\n<p><strong>Marko Hynynen<\/strong><\/p>\n\n\n\n<p>Opettaja, liiketoiminta, ravintola-, matkailu- ja talousala <br>marko.hynynen@sasky.fi <br>p. 040 6266331<\/p>\n\n\n\n<p>Markon vahvuutena on vahva liiketoimintaosaaminen sek\u00e4 monipuolinen ty\u00f6el\u00e4m\u00e4tausta niin yritt\u00e4j\u00e4n\u00e4 kuin esimiesty\u00f6ss\u00e4 erilaisissa ravintola- ja matkailualan yrityksiss\u00e4. <\/p>\n\n\n\n<p><\/p>\n\n\n\n<p><strong>Tarja Virtanen<\/strong><\/p>\n\n\n\n<p>Opettaja, ravintola-, catering- ja puhtausala Hygieniapassitestaaja <br>tarja.virtanen@sasky.fi <br>p. 044 728 9182 <\/p>\n\n\n\n<p>Tarjan vahvuuksia ovat vankka kokemus suurtalouskeitti\u00f6iden toiminnasta ja toimitilahuollosta sek\u00e4 pitk\u00e4 ja monipuolinen opettajaura. <\/p>\n\n\n\n<p><\/p>\n\n\n\n<p><strong>Jaana Syd\u00e4nmaanlakka<\/strong><\/p>\n\n\n\n<p>Opettaja, ravintola- ja cateringala, matkailu, TUVA, Kansainv\u00e4lisyysvastaava Anniskelupassitestaaja jaana.sydanmaanlakka@sasky.fi <br>p. 040 537 3087<\/p>\n\n\n\n<p>Jaanan vahvuutena on kansainv\u00e4lisyystoiminta sek\u00e4 ravintolan asiakaspalvelu- ja saliosaaminen. Jaanalla on usean vuoden ty\u00f6kokemus hotellin vastaanoton esimiesteht\u00e4vist\u00e4.<\/p>\n\n\n\n<p><\/p>\n\n\n\n<p><strong>Anu Huhtala<\/strong><\/p>\n\n\n\n<p>Opettaja, ravintola-, catering- ja matkailuala <br>anu.huhtala@sasky.fi <br>p. 044 728 8815 <\/p>\n\n\n\n<p>Anun vahvuutena on pitk\u00e4 kokemus asiakaspalvelu- ja sality\u00f6st\u00e4, erilaisista ravintola- ja matkailualan esimiesteht\u00e4vist\u00e4, operatiivisen johtamisen teht\u00e4vist\u00e4 sek\u00e4 tapahtumatuotannosta.<\/p>\n","protected":false},"excerpt":{"rendered":"<p>Tiimiopettajat \/ valmentajat MSKK:n Into Amiksen tiimiopettajat ovat valmentavia asiantuntijoita, jotka ohjaavat, tukevat ja kannustavat opiskelijan ammatillista sek\u00e4 yksil\u00f6llist\u00e4 kehittymist\u00e4. Opettajatiimi valmentaa 1.-3. vuoden opiskelijoista koostuvien monikulttuurisien tiimien NY-yritystoimintaa, treenej\u00e4 (teoriaopintoja) sek\u00e4 k\u00e4yt\u00e4nn\u00f6n ty\u00f6skentely\u00e4 niin pop up -ravintola Bistro Intolassa, oppilaitoksen Cafe Into -kahvilassa kuin ty\u00f6el\u00e4m\u00e4jaksoilla yhteisty\u00f6kumppaniyrityksiss\u00e4. Marko Hynynen Opettaja, liiketoiminta, ravintola-, matkailu- ja talousala &hellip; <a href=\"https:\/\/blogit.sasky.fi\/intoamis\/tiimiopettajat-valmentajat\/\" class=\"more-link\">Jatka lukemista <span class=\"screen-reader-text\">Tiimiopettajat\/Valmentajat<\/span> <span class=\"meta-nav\">&rarr;<\/span><\/a><\/p>\n","protected":false},"author":21,"featured_media":0,"parent":0,"menu_order":0,"comment_status":"closed","ping_status":"closed","template":"","meta":{"footnotes":""},"class_list":["post-281","page","type-page","status-publish","hentry"],"_links":{"self":[{"href":"https:\/\/blogit.sasky.fi\/intoamis\/wp-json\/wp\/v2\/pages\/281","targetHints":{"allow":["GET"]}}],"collection":[{"href":"https:\/\/blogit.sasky.fi\/intoamis\/wp-json\/wp\/v2\/pages"}],"about":[{"href":"https:\/\/blogit.sasky.fi\/intoamis\/wp-json\/wp\/v2\/types\/page"}],"author":[{"embeddable":true,"href":"https:\/\/blogit.sasky.fi\/intoamis\/wp-json\/wp\/v2\/users\/21"}],"replies":[{"embeddable":true,"href":"https:\/\/blogit.sasky.fi\/intoamis\/wp-json\/wp\/v2\/comments?post=281"}],"version-history":[{"count":6,"href":"https:\/\/blogit.sasky.fi\/intoamis\/wp-json\/wp\/v2\/pages\/281\/revisions"}],"predecessor-version":[{"id":983,"href":"https:\/\/blogit.sasky.fi\/intoamis\/wp-json\/wp\/v2\/pages\/281\/revisions\/983"}],"wp:attachment":[{"href":"https:\/\/blogit.sasky.fi\/intoamis\/wp-json\/wp\/v2\/media?parent=281"}],"curies":[{"name":"wp","href":"https:\/\/api.w.org\/{rel}","templated":true}]}}