{"id":38,"date":"2022-10-28T10:32:36","date_gmt":"2022-10-28T07:32:36","guid":{"rendered":"https:\/\/blogit.sasky.fi\/lito-mskk\/?page_id=38"},"modified":"2023-11-10T14:36:30","modified_gmt":"2023-11-10T12:36:30","slug":"yhteystiedot","status":"publish","type":"page","link":"https:\/\/blogit.sasky.fi\/mantan_merkonomit\/yhteystiedot\/","title":{"rendered":"Yhteystiedot"},"content":{"rendered":"\n<h1 class=\"wp-block-heading has-small-font-size\">NYT-yritysten opiskelijat tavoitat NYT-yrityksen yhteystiedoista, jotka l\u00f6yd\u00e4t valikon kohdasta &#8221;NYT-yritykset&#8221;<\/h1>\n\n\n\n<h2 class=\"wp-block-heading\">Liiketoiminnan opettajat<\/h2>\n\n\n\n<p class=\"has-small-font-size\">Maria Nyykooli<br>puh. 0407170731<br><a href=\"mailto:maria.nyykooli@sasky.fi\">maria.nyykooli[at]sasky.fi<\/a><\/p>\n\n\n\n<p class=\"has-small-font-size\">Sari Palosaari<br>p. 040 634 2223<br><a href=\"mailto:sari.palosaari@sasky.fi\">sari.palosaari[at]sasky.fi<\/a><br><\/p>\n\n\n\n<hr class=\"wp-block-separator has-alpha-channel-opacity\" \/>\n\n\n\n<p class=\"has-small-font-size\">Seuraa meit\u00e4 somessa:<\/p>\n\n\n\n<p class=\"has-small-font-size\"><img loading=\"lazy\" decoding=\"async\" width=\"1024\" height=\"1024\" class=\"wp-image-48\" style=\"width: 50px\" src=\"https:\/\/blogit.sasky.fi\/lito-mskk\/wp-content\/uploads\/sites\/17\/2022\/10\/logo-ig-stunning-instagram-logo-vector-download-for-new-7-1.png\" alt=\"\" srcset=\"https:\/\/blogit.sasky.fi\/mantan_merkonomit\/wp-content\/uploads\/sites\/17\/2022\/10\/logo-ig-stunning-instagram-logo-vector-download-for-new-7-1.png 1024w, https:\/\/blogit.sasky.fi\/mantan_merkonomit\/wp-content\/uploads\/sites\/17\/2022\/10\/logo-ig-stunning-instagram-logo-vector-download-for-new-7-1-300x300.png 300w, https:\/\/blogit.sasky.fi\/mantan_merkonomit\/wp-content\/uploads\/sites\/17\/2022\/10\/logo-ig-stunning-instagram-logo-vector-download-for-new-7-1-150x150.png 150w, https:\/\/blogit.sasky.fi\/mantan_merkonomit\/wp-content\/uploads\/sites\/17\/2022\/10\/logo-ig-stunning-instagram-logo-vector-download-for-new-7-1-768x768.png 768w\" sizes=\"auto, (max-width: 1024px) 100vw, 1024px\" \/><a href=\"https:\/\/www.instagram.com\/mantan_merkonomit\/\" data-type=\"URL\" data-id=\"https:\/\/www.instagram.com\/mantan_merkonomit\/\" target=\"_blank\" rel=\"noreferrer noopener\">@<strong>M\u00e4nt\u00e4n merkonomit<\/strong><\/a><\/p>\n\n\n\n<p class=\"has-small-font-size\"><img loading=\"lazy\" decoding=\"async\" width=\"2048\" height=\"2048\" class=\"wp-image-47\" style=\"width: 50px\" src=\"https:\/\/blogit.sasky.fi\/lito-mskk\/wp-content\/uploads\/sites\/17\/2022\/10\/Facebook_f_logo_2021.svg_.png\" alt=\"\" srcset=\"https:\/\/blogit.sasky.fi\/mantan_merkonomit\/wp-content\/uploads\/sites\/17\/2022\/10\/Facebook_f_logo_2021.svg_.png 2048w, https:\/\/blogit.sasky.fi\/mantan_merkonomit\/wp-content\/uploads\/sites\/17\/2022\/10\/Facebook_f_logo_2021.svg_-300x300.png 300w, https:\/\/blogit.sasky.fi\/mantan_merkonomit\/wp-content\/uploads\/sites\/17\/2022\/10\/Facebook_f_logo_2021.svg_-1024x1024.png 1024w, https:\/\/blogit.sasky.fi\/mantan_merkonomit\/wp-content\/uploads\/sites\/17\/2022\/10\/Facebook_f_logo_2021.svg_-150x150.png 150w, https:\/\/blogit.sasky.fi\/mantan_merkonomit\/wp-content\/uploads\/sites\/17\/2022\/10\/Facebook_f_logo_2021.svg_-768x768.png 768w, https:\/\/blogit.sasky.fi\/mantan_merkonomit\/wp-content\/uploads\/sites\/17\/2022\/10\/Facebook_f_logo_2021.svg_-1536x1536.png 1536w, https:\/\/blogit.sasky.fi\/mantan_merkonomit\/wp-content\/uploads\/sites\/17\/2022\/10\/Facebook_f_logo_2021.svg_-1568x1568.png 1568w\" sizes=\"auto, (max-width: 2048px) 100vw, 2048px\" \/>@<a href=\"https:\/\/www.facebook.com\/mantanmerkonomit\/\" data-type=\"URL\" data-id=\"https:\/\/www.facebook.com\/mantanmerkonomit\/\">M\u00e4nt\u00e4n merkonomit<\/a><\/p>\n\n\n\n<p><img loading=\"lazy\" decoding=\"async\" width=\"1280\" height=\"1280\" class=\"wp-image-49\" style=\"width: 50px\" src=\"https:\/\/blogit.sasky.fi\/lito-mskk\/wp-content\/uploads\/sites\/17\/2022\/10\/tiktok-5962992_1280.png\" alt=\"\" srcset=\"https:\/\/blogit.sasky.fi\/mantan_merkonomit\/wp-content\/uploads\/sites\/17\/2022\/10\/tiktok-5962992_1280.png 1280w, https:\/\/blogit.sasky.fi\/mantan_merkonomit\/wp-content\/uploads\/sites\/17\/2022\/10\/tiktok-5962992_1280-300x300.png 300w, https:\/\/blogit.sasky.fi\/mantan_merkonomit\/wp-content\/uploads\/sites\/17\/2022\/10\/tiktok-5962992_1280-1024x1024.png 1024w, https:\/\/blogit.sasky.fi\/mantan_merkonomit\/wp-content\/uploads\/sites\/17\/2022\/10\/tiktok-5962992_1280-150x150.png 150w, https:\/\/blogit.sasky.fi\/mantan_merkonomit\/wp-content\/uploads\/sites\/17\/2022\/10\/tiktok-5962992_1280-768x768.png 768w\" sizes=\"auto, (max-width: 1280px) 100vw, 1280px\" \/><a href=\"https:\/\/www.tiktok.com\/@mantan_merkonomit\" data-type=\"URL\" data-id=\"https:\/\/www.tiktok.com\/@mantan_merkonomit\" target=\"_blank\" rel=\"noreferrer noopener\">@M\u00e4nt\u00e4n merkonomit<\/a><br><\/p>\n\n\n\n<p><\/p>\n\n\n\n<p><\/p>\n","protected":false},"excerpt":{"rendered":"<p>NYT-yritysten opiskelijat tavoitat NYT-yrityksen yhteystiedoista, jotka l\u00f6yd\u00e4t valikon kohdasta &#8221;NYT-yritykset&#8221; Liiketoiminnan opettajat Maria Nyykoolipuh. 0407170731maria.nyykooli[at]sasky.fi Sari Palosaarip. 040 634 2223sari.palosaari[at]sasky.fi Seuraa meit\u00e4 somessa: @M\u00e4nt\u00e4n merkonomit @M\u00e4nt\u00e4n merkonomit @M\u00e4nt\u00e4n merkonomit<\/p>\n","protected":false},"author":42,"featured_media":167,"parent":0,"menu_order":0,"comment_status":"closed","ping_status":"closed","template":"","meta":{"footnotes":""},"class_list":["post-38","page","type-page","status-publish","has-post-thumbnail","hentry"],"_links":{"self":[{"href":"https:\/\/blogit.sasky.fi\/mantan_merkonomit\/wp-json\/wp\/v2\/pages\/38","targetHints":{"allow":["GET"]}}],"collection":[{"href":"https:\/\/blogit.sasky.fi\/mantan_merkonomit\/wp-json\/wp\/v2\/pages"}],"about":[{"href":"https:\/\/blogit.sasky.fi\/mantan_merkonomit\/wp-json\/wp\/v2\/types\/page"}],"author":[{"embeddable":true,"href":"https:\/\/blogit.sasky.fi\/mantan_merkonomit\/wp-json\/wp\/v2\/users\/42"}],"replies":[{"embeddable":true,"href":"https:\/\/blogit.sasky.fi\/mantan_merkonomit\/wp-json\/wp\/v2\/comments?post=38"}],"version-history":[{"count":16,"href":"https:\/\/blogit.sasky.fi\/mantan_merkonomit\/wp-json\/wp\/v2\/pages\/38\/revisions"}],"predecessor-version":[{"id":347,"href":"https:\/\/blogit.sasky.fi\/mantan_merkonomit\/wp-json\/wp\/v2\/pages\/38\/revisions\/347"}],"wp:featuredmedia":[{"embeddable":true,"href":"https:\/\/blogit.sasky.fi\/mantan_merkonomit\/wp-json\/wp\/v2\/media\/167"}],"wp:attachment":[{"href":"https:\/\/blogit.sasky.fi\/mantan_merkonomit\/wp-json\/wp\/v2\/media?parent=38"}],"curies":[{"name":"wp","href":"https:\/\/api.w.org\/{rel}","templated":true}]}}