{"id":175,"date":"2024-05-20T10:08:40","date_gmt":"2024-05-20T07:08:40","guid":{"rendered":"https:\/\/blogit.sasky.fi\/turvax\/?page_id=175"},"modified":"2024-09-05T14:22:49","modified_gmt":"2024-09-05T11:22:49","slug":"koulutusmateriaalit","status":"publish","type":"page","link":"https:\/\/blogit.sasky.fi\/turvax\/koulutusmateriaalit\/","title":{"rendered":"Koulutusmateriaalit"},"content":{"rendered":"\n<p>T\u00e4m\u00e4n sivun materiaalit on tuotettu TurvaX -hankkeen piloteissa. Ne ovat vapaasti k\u00e4ytett\u00e4viss\u00e4 Opetushallituksen rahoittaman hankkeen p\u00e4\u00e4ttymisen j\u00e4lkeenkin.<\/p>\n\n\n\n<h3 class=\"wp-block-heading\">Videoskenaarioharjoitukset henkil\u00f6st\u00f6lle ja aikuisopiskelijoille<\/h3>\n\n\n\n<p>Henkil\u00f6st\u00f6n toiveena luotiin kaksi erilaista videoskenaarioharjoitetta ThingLink-alustalle, joissa voi pelin omaisesti p\u00e4\u00e4st\u00e4 harjoittelemaan aggressiivisen ihmisen kohtaamista ja itsetuhoisen nuoren kohtaamista. Peliss\u00e4 on videoklippej\u00e4 tilanteista ja niiden v\u00e4liss\u00e4 pelaaja valitsee vuorosanoista, miten toimisi tilanteessa seuraavaksi. Peleiss\u00e4 on siis useampi mahdollinen p\u00e4\u00e4ttymistapa. Muista, ett\u00e4 pelien teemat voivat her\u00e4tt\u00e4\u00e4 ajatuksia ja tunteita, joten purkukeskustelut voivat olla paikallaan!<\/p>\n\n\n\n<p>Aggressiivisen ihmisen kohtaaminen -peli: <a href=\"https:\/\/www.thinglink.com\/view\/scenario\/1760222078591566692\">https:\/\/www.thinglink.com\/view\/scenario\/1760222078591566692<\/a><\/p>\n\n\n\n<p>Itsetuhoisen nuoren kohtaaminen -peli: <a href=\"https:\/\/www.thinglink.com\/view\/scenario\/1760230477098124132\">https:\/\/www.thinglink.com\/view\/scenario\/1760230477098124132<\/a><\/p>\n\n\n\n<h3 class=\"wp-block-heading\">V\u00e4kivallan muodot -lautapeli<\/h3>\n\n\n\n<p>TurvaX -hanke tuotti yhteisty\u00f6ss\u00e4 Maria Akatemia ry: n Keijun varjo -hankkeen kanssa V\u00e4kivallan muodot -lautapelin. Peliss\u00e4 opiskelijat p\u00e4\u00e4sev\u00e4t tutustumaan case-esimerkkien kautta erilaisiin v\u00e4kivallan muotoihin. Peli\u00e4 voi pelata yksin, pareittain tai ryhm\u00e4ss\u00e4. Pelin s\u00e4\u00e4nn\u00f6t, pelilaudat ja case-kortit (56 kpl) p\u00e4\u00e4set lataamaan ja tulostamaan alla olevista linkeist\u00e4. <\/p>\n\n\n\n<p>Vinkki! Tulosta pelilaudat A3-kokoisena ja yksipuolisena. Case-kortit kest\u00e4v\u00e4t paremmin, jos ne tulostaa paksummalle tulostuspaperille tai esimerkiksi laminoi. <\/p>\n\n\n\n<div class=\"wp-block-file\"><a id=\"wp-block-file--media-713c880e-a628-40d5-81f3-55ebbd68b34e\" href=\"https:\/\/blogit.sasky.fi\/turvax\/wp-content\/uploads\/sites\/19\/2024\/05\/Vakivallan-muodot-pelin-saannot-ja-vastaukset.pdf\">Vakivallan-muodot-pelin-saannot-ja-vastaukset<\/a><a href=\"https:\/\/blogit.sasky.fi\/turvax\/wp-content\/uploads\/sites\/19\/2024\/05\/Vakivallan-muodot-pelin-saannot-ja-vastaukset.pdf\" class=\"wp-block-file__button wp-element-button\" download aria-describedby=\"wp-block-file--media-713c880e-a628-40d5-81f3-55ebbd68b34e\">Lataa<\/a><\/div>\n\n\n\n<div class=\"wp-block-file\"><a id=\"wp-block-file--media-a04f37e2-39a3-48e1-a8db-da281473fb23\" href=\"https:\/\/blogit.sasky.fi\/turvax\/wp-content\/uploads\/sites\/19\/2024\/05\/Vakivallanmuodot-peli_casekortit.pdf\">Vakivallanmuodot-peli_casekortit<\/a><a href=\"https:\/\/blogit.sasky.fi\/turvax\/wp-content\/uploads\/sites\/19\/2024\/05\/Vakivallanmuodot-peli_casekortit.pdf\" class=\"wp-block-file__button wp-element-button\" download aria-describedby=\"wp-block-file--media-a04f37e2-39a3-48e1-a8db-da281473fb23\">Lataa<\/a><\/div>\n\n\n\n<div class=\"wp-block-file\"><a id=\"wp-block-file--media-2246e790-318e-4a51-9f0d-e8304f515630\" href=\"https:\/\/blogit.sasky.fi\/turvax\/wp-content\/uploads\/sites\/19\/2024\/05\/Vakivallan-muodot_pelilauta1.pdf\">Vakivallan-muodot_pelilauta1<\/a><a href=\"https:\/\/blogit.sasky.fi\/turvax\/wp-content\/uploads\/sites\/19\/2024\/05\/Vakivallan-muodot_pelilauta1.pdf\" class=\"wp-block-file__button wp-element-button\" download aria-describedby=\"wp-block-file--media-2246e790-318e-4a51-9f0d-e8304f515630\">Lataa<\/a><\/div>\n\n\n\n<div class=\"wp-block-file\"><a id=\"wp-block-file--media-884702bf-00f3-45f7-9a8a-76e5a5428828\" href=\"https:\/\/blogit.sasky.fi\/turvax\/wp-content\/uploads\/sites\/19\/2024\/05\/Vakivallan-muodot_pelilauta2.pdf\">Vakivallan-muodot_pelilauta2<\/a><a href=\"https:\/\/blogit.sasky.fi\/turvax\/wp-content\/uploads\/sites\/19\/2024\/05\/Vakivallan-muodot_pelilauta2.pdf\" class=\"wp-block-file__button wp-element-button\" download aria-describedby=\"wp-block-file--media-884702bf-00f3-45f7-9a8a-76e5a5428828\">Lataa<\/a><\/div>\n\n\n\n<div class=\"wp-block-file\"><a id=\"wp-block-file--media-2acb2146-1c14-46cd-bbd5-2dcc6ff5bfdd\" href=\"https:\/\/blogit.sasky.fi\/turvax\/wp-content\/uploads\/sites\/19\/2024\/05\/Vakivallan-muodot_pelilauta3.pdf\">Vakivallan-muodot_pelilauta3<\/a><a href=\"https:\/\/blogit.sasky.fi\/turvax\/wp-content\/uploads\/sites\/19\/2024\/05\/Vakivallan-muodot_pelilauta3.pdf\" class=\"wp-block-file__button wp-element-button\" download aria-describedby=\"wp-block-file--media-2acb2146-1c14-46cd-bbd5-2dcc6ff5bfdd\">Lataa<\/a><\/div>\n\n\n\n<div class=\"wp-block-file\"><a id=\"wp-block-file--media-12407550-0ebc-461d-80dc-38b0aad34fe7\" href=\"https:\/\/blogit.sasky.fi\/turvax\/wp-content\/uploads\/sites\/19\/2024\/05\/Vakivallan-muodot_pelilauta4.pdf\">Vakivallan-muodot_pelilauta4<\/a><a href=\"https:\/\/blogit.sasky.fi\/turvax\/wp-content\/uploads\/sites\/19\/2024\/05\/Vakivallan-muodot_pelilauta4.pdf\" class=\"wp-block-file__button wp-element-button\" download aria-describedby=\"wp-block-file--media-12407550-0ebc-461d-80dc-38b0aad34fe7\">Lataa<\/a><\/div>\n\n\n\n<div class=\"wp-block-file\"><a id=\"wp-block-file--media-7813b6f0-b3d5-4d98-a04b-c11687df5a1a\" href=\"https:\/\/blogit.sasky.fi\/turvax\/wp-content\/uploads\/sites\/19\/2024\/05\/Vakivallan-muodot_pelilauta5.pdf\">Vakivallan-muodot_pelilauta5<\/a><a href=\"https:\/\/blogit.sasky.fi\/turvax\/wp-content\/uploads\/sites\/19\/2024\/05\/Vakivallan-muodot_pelilauta5.pdf\" class=\"wp-block-file__button wp-element-button\" download aria-describedby=\"wp-block-file--media-7813b6f0-b3d5-4d98-a04b-c11687df5a1a\">Lataa<\/a><\/div>\n\n\n\n<div class=\"wp-block-file\"><a id=\"wp-block-file--media-e72467b0-4ee7-4208-80d3-30d96650a428\" href=\"https:\/\/blogit.sasky.fi\/turvax\/wp-content\/uploads\/sites\/19\/2024\/05\/Vakivallan-muodot_pelilauta6.pdf\">Vakivallan-muodot_pelilauta6<\/a><a href=\"https:\/\/blogit.sasky.fi\/turvax\/wp-content\/uploads\/sites\/19\/2024\/05\/Vakivallan-muodot_pelilauta6.pdf\" class=\"wp-block-file__button wp-element-button\" download aria-describedby=\"wp-block-file--media-e72467b0-4ee7-4208-80d3-30d96650a428\">Lataa<\/a><\/div>\n\n\n\n<div class=\"wp-block-file\"><a id=\"wp-block-file--media-b1c16b70-be49-4f71-a797-6c2b510c0a40\" href=\"https:\/\/blogit.sasky.fi\/turvax\/wp-content\/uploads\/sites\/19\/2024\/05\/Vakivallan-muodot_pelilauta7.pdf\">Vakivallan-muodot_pelilauta7<\/a><a href=\"https:\/\/blogit.sasky.fi\/turvax\/wp-content\/uploads\/sites\/19\/2024\/05\/Vakivallan-muodot_pelilauta7.pdf\" class=\"wp-block-file__button wp-element-button\" download aria-describedby=\"wp-block-file--media-b1c16b70-be49-4f71-a797-6c2b510c0a40\">Lataa<\/a><\/div>\n\n\n\n<div class=\"wp-block-file\"><a id=\"wp-block-file--media-06e215c1-ce7d-4647-915c-df08b91b9162\" href=\"https:\/\/blogit.sasky.fi\/turvax\/wp-content\/uploads\/sites\/19\/2024\/05\/Vakivallan-muodot_pelilauta8.pdf\">Vakivallan-muodot_pelilauta8<\/a><a href=\"https:\/\/blogit.sasky.fi\/turvax\/wp-content\/uploads\/sites\/19\/2024\/05\/Vakivallan-muodot_pelilauta8.pdf\" class=\"wp-block-file__button wp-element-button\" download aria-describedby=\"wp-block-file--media-06e215c1-ce7d-4647-915c-df08b91b9162\">Lataa<\/a><\/div>\n\n\n\n<h2 class=\"wp-block-heading\">Pedagoginen pakopeli -verkossa koulutus<\/h2>\n\n\n\n<p>Metti Vuoskun pit\u00e4m\u00e4 Pedagoginen pakopeli -verkossa koulutus tiivist\u00e4\u00e4 pakopelit, pedagogian huomioimisen ja kaiken tarpeellisen, jotta p\u00e4\u00e4set alkuun omia pelej\u00e4 luodessasi. Koulutus pidettiin kansainv\u00e4lisen\u00e4 koulutuksena TurvaX -hankkeessa 17.5.2023. Koulutukseen osallistui 150 osallistujaa Suomesta, Ruotsista ja Isosta-Britanniasta. Alta l\u00f6yd\u00e4t linkin koulutuksen video-osuuteen sek\u00e4 sen tekstitystiedoston sek\u00e4 koulutusmateriaalin.<\/p>\n\n\n\n<p>Video koulutukseen: <a href=\"https:\/\/vimeo.com\/sasky\/review\/960292629\/e8898c7e32\">https:\/\/vimeo.com\/sasky\/review\/960292629\/e8898c7e32<\/a><\/p>\n\n\n\n<div class=\"wp-block-file\"><a id=\"wp-block-file--media-15c4e186-3dd7-43ae-864d-6a7295b0593a\" href=\"https:\/\/blogit.sasky.fi\/turvax\/wp-content\/uploads\/sites\/19\/2024\/06\/Pedagoginen-pakopeli_koulutus_tekstitys.pdf\">Pedagoginen-pakopeli_koulutus_tekstitys<\/a><a href=\"https:\/\/blogit.sasky.fi\/turvax\/wp-content\/uploads\/sites\/19\/2024\/06\/Pedagoginen-pakopeli_koulutus_tekstitys.pdf\" class=\"wp-block-file__button wp-element-button\" download aria-describedby=\"wp-block-file--media-15c4e186-3dd7-43ae-864d-6a7295b0593a\">Lataa<\/a><\/div>\n\n\n\n<h2 class=\"wp-block-heading\">P\u00e4ihteet ja puheeksi otto -ty\u00f6paja<\/h2>\n\n\n\n<p>P\u00e4ihteet ja puheeksiotto -ty\u00f6pajakoulutuksessa syvennyt\u00e4\u00e4n Silta Valmennusyhdistyksen asiantuntijoiden ja kokemusasiantuntijoiden kanssa nuorten p\u00e4ihteiden k\u00e4ytt\u00f6\u00f6n, syihin sen takana ja asian puheeksi ottamiseen. Koulutus on kaikille vapaa ja sit\u00e4 on hy\u00f6dynnett\u00e4viss\u00e4 itsen\u00e4isen\u00e4 opiskeluna tai henkil\u00f6kunnan koulutuksessa.<\/p>\n\n\n\n<p>P\u00e4ihteet ja puheeksi otto -ty\u00f6paja koulutus j\u00e4rjestettiin TurvaX- ja PuheeX -hankkeiden yhteisen\u00e4 tuotoksena neliosaisen koulutuskokonaisuuden 1. osana. Kumpaakin hanketta rahoittaa Opetushallitus. <\/p>\n\n\n\n<p>Ty\u00f6pajakokonaisuuden 1. osa l\u00f6ytyy Avointen oppimateriaalien kirjastosta osoitteesta <a href=\"https:\/\/aoe.fi\/#\/materiaali\/2814\">https:\/\/aoe.fi\/#\/materiaali\/2814<\/a><\/p>\n\n\n\n<h2 class=\"wp-block-heading\">Tunnetaidoilla turvallinen ja hyvinvoiva oppilaitos -ty\u00f6paja<\/h2>\n\n\n\n<p>Tunnetaidoilla turvallinen ja hyvinvoiva oppilaitos -ty\u00f6pajakoulutuksessa syvennyt\u00e4\u00e4n Silta Valmennusyhdistyksen asiantuntijoiden kanssa tunnetaitoihin ja niiden hy\u00f6dynt\u00e4miseen oppilaitosmaailmassa. Koulutus on kaikille vapaa ja sit\u00e4 on hy\u00f6dynnett\u00e4viss\u00e4 itsen\u00e4isen\u00e4 opiskeluna tai henkil\u00f6kunnan koulutuksessa. <\/p>\n\n\n\n<p>Tunnetaidoilla turvallinen ja hyvinvoiva oppilaitos -ty\u00f6paja koulutus j\u00e4rjestettiin TurvaX- ja PuheeX -hankkeiden yhteisen\u00e4 tuotoksena neliosaisen koulutuskokonaisuuden 2. osana. Kumpaakin hanketta rahoittaa Opetushallitus.<\/p>\n\n\n\n<p>Ty\u00f6pajakokonaisuuden 2. osa l\u00f6ytyy Avointen oppimateriaalien kirjastosta osoitteesta <a href=\"https:\/\/aoe.fi\/#\/materiaali\/2122\">https:\/\/aoe.fi\/#\/materiaali\/2122<\/a><\/p>\n\n\n","protected":false},"excerpt":{"rendered":"<p>T\u00e4m\u00e4n sivun materiaalit on tuotettu TurvaX -hankkeen piloteissa. Ne ovat vapaasti k\u00e4ytett\u00e4viss\u00e4 Opetushallituksen rahoittaman hankkeen p\u00e4\u00e4ttymisen j\u00e4lkeenkin. Videoskenaarioharjoitukset henkil\u00f6st\u00f6lle ja aikuisopiskelijoille Henkil\u00f6st\u00f6n toiveena luotiin kaksi erilaista videoskenaarioharjoitetta ThingLink-alustalle, joissa voi pelin omaisesti p\u00e4\u00e4st\u00e4 harjoittelemaan aggressiivisen ihmisen kohtaamista ja itsetuhoisen nuoren kohtaamista. Peliss\u00e4 on videoklippej\u00e4 tilanteista ja niiden v\u00e4liss\u00e4 pelaaja valitsee vuorosanoista, miten toimisi tilanteessa seuraavaksi. &hellip; <\/p>\n<p class=\"link-more\"><a href=\"https:\/\/blogit.sasky.fi\/turvax\/koulutusmateriaalit\/\" class=\"more-link\">Jatka lukemista<span class=\"screen-reader-text\"> &#8221;Koulutusmateriaalit&#8221;<\/span><\/a><\/p>\n","protected":false},"author":46,"featured_media":0,"parent":0,"menu_order":0,"comment_status":"closed","ping_status":"closed","template":"","meta":{"footnotes":""},"class_list":["post-175","page","type-page","status-publish","hentry"],"_links":{"self":[{"href":"https:\/\/blogit.sasky.fi\/turvax\/wp-json\/wp\/v2\/pages\/175","targetHints":{"allow":["GET"]}}],"collection":[{"href":"https:\/\/blogit.sasky.fi\/turvax\/wp-json\/wp\/v2\/pages"}],"about":[{"href":"https:\/\/blogit.sasky.fi\/turvax\/wp-json\/wp\/v2\/types\/page"}],"author":[{"embeddable":true,"href":"https:\/\/blogit.sasky.fi\/turvax\/wp-json\/wp\/v2\/users\/46"}],"replies":[{"embeddable":true,"href":"https:\/\/blogit.sasky.fi\/turvax\/wp-json\/wp\/v2\/comments?post=175"}],"version-history":[{"count":8,"href":"https:\/\/blogit.sasky.fi\/turvax\/wp-json\/wp\/v2\/pages\/175\/revisions"}],"predecessor-version":[{"id":218,"href":"https:\/\/blogit.sasky.fi\/turvax\/wp-json\/wp\/v2\/pages\/175\/revisions\/218"}],"wp:attachment":[{"href":"https:\/\/blogit.sasky.fi\/turvax\/wp-json\/wp\/v2\/media?parent=175"}],"curies":[{"name":"wp","href":"https:\/\/api.w.org\/{rel}","templated":true}]}}